- 2. Let m be h(4). Suppose -4*o = 4*d - 32, 0 = 3*d - o + 6*o - m. Let c = d - 0. Calculate the remainder when c is divided by 4.
3
Suppose b + 3*d = -2*d + 8, -2*d - 1 = -b. Suppose -4*w + b*c = -112, -3*w + 0*c + c + 89 = 0. Calculate the remainder when w is divided by ((-4)/(-6))/(2/33).
9
Suppose -10*s + 263 = -37. Calculate the remainder when s is divided by 15.
0
Let c(l) = l**3 + 10*l**2 - 11*l + 15. What is the remainder when c(-10) is divided by 14?
13
Suppose 0*y = 4*y - 2*o + 60, 0 = o. Suppose -3*z + 19 = 4*n - 39, 4*z + 4*n = 84. Let r = y + z. Calculate the remainder when 31 is divided by r.
9
Let s be 4 + 0 - 1*-2. Calculate the remainder when 74 is divided by (-2 + 14/s)*75.
24
Suppose -3*i - 5*m + 115 = 0, 2*i = -3*m + m + 74. Calculate the remainder when i is divided by 19.
16
Suppose 4 = a - 0. Suppose 3*q = -a*w + 2*q + 39, 0 = w + 3*q - 18. Let j(o) = 2*o**2 - o + 1. Calculate the remainder when j(3) is divided by w.
7
Suppose -3*g = 6 - 3. Let a(s) = 16*s + 4. Let h(i) = -32*i - 7. Let r(u) = 5*a(u) + 3*h(u). Calculate the remainder when r(g) is divided by 4.
3
Suppose 0 = -4*t - 2*t + 360. Calculate the remainder when t is divided by 21.
18
Let a be (1*3)/((-1)/(-1)). Suppose -v + 49 = a*i, 41 + 0 = 3*i + 5*v. Calculate the remainder when i is divided by 34/4 - 2/(-4).
8
Suppose 7*k - 77 = -0*k. What is the remainder when 32 is divided by k?
10
Let t(w) = -3*w**3. Let u be t(-1). Suppose k + 3*k - 60 = 0. Calculate the remainder when k is divided by u/(-12) - 33/(-4).
7
Suppose -3*u + 12 = -5*r - 24, -5*u + 60 = 4*r. Let c be (-12)/(0 + -1) - 2. Suppose c*j - 6*j = u. What is the remainder when 8 is divided by j?
2
Let m(p) = 4*p - 12. Let c(g) = g**2 + g + 4. What is the remainder when c(-3) is divided by m(4)?
2
Let i(z) = -8*z - 2. Calculate the remainder when 86 is divided by i(-3).
20
What is the remainder when 76 is divided by (14/6)/((-10)/(-120))?
20
Let j be 2/(-10) - (-244)/20. Suppose 0 = -3*h - l + 6, -h + l - j = 6*l. What is the remainder when 7 is divided by h?
1
Let j = 2 + -1. Suppose -4*m = -2*c - 5*m - 1, 0 = 4*c - 2*m - 2. Suppose c = -l - l + 4. What is the remainder when l is divided by j?
0
Suppose -2*z + 3*i - 7*i = -88, -88 = -2*z + 3*i. What is the remainder when z is divided by 9?
8
Suppose -4 = -2*o - 0. Suppose o*p - 94 = -2*p - c, 3*p - 66 = -3*c. Suppose 8*w - p = 4*w. Calculate the remainder when 11 is divided by w.
5
Suppose 3*v = -5*b + 342, -137 - 420 = -5*v - 4*b. What is the remainder when v is divided by 22?
21
Let k be 4/1 + -1 + -1. Suppose -4*l = 5*j - 35, 0 = 3*j - k*l + 4 - 3. Let z(g) = g**2 + 3*g - 2. What is the remainder when 46 is divided by z(j)?
14
Let z be (28/(-8))/(1/(-2)). Suppose -z = -4*u + 5. Let a(w) = w**2 - 4*w + 5. What is the remainder when a(4) is divided by u?
2
What is the remainder when (-1308)/(-28) + 4/14 is divided by 24?
23
Let x = 3 + -1. Suppose 108 = y + x*y. What is the remainder when y is divided by 13?
10
Let j(w) = -7*w**3 + 2*w**2 + w - 2. Let v be j(2). Let t be 3/(3/(-2)) - v. Suppose -5*c + 159 = -t. What is the remainder when c is divided by 21?
20
Suppose m + 242 = 3*x, -2*x - 3*x - 4*m = -409. Calculate the remainder when x is divided by 12.
9
Let y(v) = -v**2 + 5*v + 2. Let p be y(5). Suppose 2*x - 31 = 4*x - 5*j, p*j - 6 = 0. Let l = 10 - x. What is the remainder when 53 is divided by l?
17
Let a be 1 + 2 + -23 + -3. Let v = a - -41. Calculate the remainder when 34 is divided by v.
16
Suppose -4*u + 1475 = -l, l - 2 = -1. Suppose -3*b = 9, 5*i - u = 5*b - 4. Suppose 5*t = -0*t + i. Calculate the remainder when 26 is divided by t.
12
Suppose 5*l - b + 2*b + 91 = 0, 3*l - 2*b = -52. Let a = 30 + l. Let f(g) = 11*g + 1. Calculate the remainder when f(3) is divided by a.
10
Suppose -2*m + 104 = -4*f, 126 = 2*m - 3*f + 23. Suppose m = u + u. Calculate the remainder when u is divided by 13.
12
Suppose 2*j + 2*r = 36 - 0, -j + 4*r = -33. What is the remainder when 81 is divided by j?
18
Let x = 0 - 0. Calculate the remainder when (-2 - x)/(4/(-26)) is divided by 5.
3
Suppose -33 - 17 = 5*s. Calculate the remainder when s/25 - 154/(-10) is divided by (-4)/(-10) + 84/15.
3
Let o = -53 + 61. Let g(d) = d + 8. Let v be g(-4). Let r = 1 + v. Calculate the remainder when o is divided by r.
3
Let i(t) = -9*t + 9*t**2 - 3 + 2 - 2*t**3 + 8 + t**3. Calculate the remainder when i(7) is divided by 15.
12
Let f be ((-24)/(-6))/(1/(-2)). Let v = f - -21. Let w(c) = -c**2 - 9*c + 3. What is the remainder when w(-4) is divided by v?
10
Calculate the remainder when 24 is divided by ((0 - -3) + -4)*-14.
10
What is the remainder when (-138)/(-9) + 3/(-9) is divided by 11?
4
Let k = 29 - 19. What is the remainder when 37 is divided by k?
7
Let f(h) = h**3 - h**2 + 2*h - 1. Let b = 0 + -1. Let p(d) = -2*d - 1. What is the remainder when f(1) is divided by p(b)?
0
Let h = 42 + -10. Let y = h + 20. What is the remainder when y is divided by 18?
16
Suppose 261 + 1314 = 25*z. Calculate the remainder when z is divided by 19.
6
Suppose 3*w - 11 = -o + 2*w, 2*o + 3*w = 24. Calculate the remainder when o is divided by 4.
1
Suppose 2*g + 202 = 3*n, -164 = 4*g + 3*n + 258. Let k = 185 + g. Suppose -3*r - k = -6*r. Calculate the remainder when r is divided by 10.
7
Let l(f) = f**2 + f - 3. Let v be l(5). Let b = v + -19. Let d(q) = q**2 + 14. Calculate the remainder when d(0) is divided by b.
6
Let r(h) = -h**2 - 9*h + 11. Calculate the remainder when 41 is divided by r(-9).
8
Let q(d) = -17*d - 11. Let p(g) = -8*g - 5. Let j(i) = 13*p(i) - 6*q(i). Suppose 0*c + c + 2 = 0. Calculate the remainder when j(c) is divided by 2.
1
Suppose -3*m - j = 14, -4*j - 10 = -2*m + 4. Let i = 7 + -16. What is the remainder when 26 is divided by 56/6 - m/i?
8
Suppose -12 + 58 = 2*d. Let y be ((-1)/(-1))/((-2)/(-40)). Let r = y - 12. What is the remainder when d is divided by r?
7
Suppose -3*t + 4*a + 169 = 0, 3*t - 145 = -a + 4. Calculate the remainder when t is divided by 27.
24
Suppose 10*m = -m + 341. What is the remainder when 183 is divided by m?
28
Calculate the remainder when (4 - 2)*(1 - -22) is divided by 4/((2/6)/1).
10
Let o(v) = -v + 1. Let k(c) = 3. Let j(n) = 2*k(n) - 4*o(n). Suppose 5*x - 2*q - 35 = 176, 2*q = -x + 35. Calculate the remainder when x is divided by j(3).
13
Suppose -4*w + 0*m = -5*m + 24, -3*w + m = 29. Let v = -9 - w. What is the remainder when 7 is divided by v?
1
Suppose x + 656 = -3*x. Calculate the remainder when 61 is divided by 6/(-15) + x/(-10).
13
Suppose 0 = 8*o - 62 - 42. Calculate the remainder when 36 is divided by o.
10
What is the remainder when (14/(-4))/((-17)/102) is divided by 6?
3
Suppose -17 = -4*u - 141. Let j = -2 - u. What is the remainder when 84 is divided by j?
26
Let u(r) = r**3 + 6*r**2 - 4*r - 17. What is the remainder when u(-4) is divided by (-12)/6 + (1 - -12)?
9
Let q(k) = k - 2 + 0 - k**2 + 126*k**3 + 0*k**2 + 1. Let u be q(1). Suppose -5*r + u = -50. Calculate the remainder when r is divided by 12.
11
Let k(p) = p**2 + 6*p + 5. Let b = 3 + -3. Suppose b = -j - j + 26. What is the remainder when j is divided by k(-6)?
3
Suppose 0 = g + 3*g - 44. Let n(r) be the first derivative of 2*r**3/3 - 3*r**2/2 - 1. What is the remainder when n(4) is divided by g?
9
Suppose -4*b - 94 = -506. Calculate the remainder when b is divided by 15.
13
Let a = -1 + 5. Suppose -2*m + z = -4*m + 2, 0 = 4*m + a*z. What is the remainder when 4 is divided by m?
0
Suppose -2*w = 15 - 1. Let v(f) = -f**2 - 8*f + 3. Calculate the remainder when 38 is divided by v(w).
8
Let v = 238 + -191. What is the remainder when 93 is divided by v?
46
Let d(p) = p + 5. Let k = -8 + 3. Calculate the remainder when d(5) is divided by (-2)/(-5) - 18/k.
2
Let i(w) = -w**3 + 19*w**2 - 16*w - 26. What is the remainder when 78 is divided by i(18)?
8
Suppose 2*q - 162 = -0*q. What is the remainder when 2 + -2 + q + -4 is divided by 20?
17
Let d = 51 - -38. What is the remainder when d is divided by 45?
44
Suppose 5*v = -4*z + 135, -67 = -2*v - 0*v + z. Let i be (20 + 4/2)/2. Let q = i + 0. What is the remainder when v is divided by q?
9
Calculate the remainder when (-6)/(4/(-8) + (-3)/(-14)) is divided by 6.
3
Let v be (-255)/11 - (-16)/88. Let m = 46 + v. Let l(g) = 4*g 